what is -28e - 9d7f5?
-9da83
In base 9, what is 24864 + 1681?
26655
In base 14, what is 358 + ab9d?
b117
In base 13, what is -40c1710 + -3?
-40c1713
In base 8, what is -45111 + 41?
-45050
In base 16, what is 2cb0d22 + 4?
2cb0d26
In base 2, what is 10001001011 - -101001110011111100110?
101001110110000110001
In base 2, what is 10111011000 + -11100010001?
-100111001
In base 14, what is -5145635 - -6?
-514562d
In base 10, what is 84 + 693852?
693936
In base 8, what is 1606075 - -63?
1606160
In base 14, what is 1 + -1d49c6?
-1d49c5
In base 14, what is 2bd3416 + -4?
2bd3412
In base 6, what is -1412443321 + -4?
-1412443325
In base 15, what is 1b79b3 + -15?
1b799d
In base 2, what is 11010110100101001000100100010 - -101?
11010110100101001000100100111
In base 8, what is -4 + 26637670?
26637664
In base 12, what is -22015bb - -3?
-22015b8
In base 2, what is 10000010100011101010000111 - -1010?
10000010100011101010010001
In base 3, what is 2102220210021120 + 2?
2102220210021122
In base 16, what is -b30 - b50?
-1680
In base 6, what is -153 - 453151533?
-453152130
In base 15, what is -2e + -4be05?
-4be34
In base 11, what is -5 - 305680?
-305685
In base 15, what is -2 + -3de4b5b?
-3de4b5d
In base 15, what is -117dbb + -9?
-117dc5
In base 7, what is 1265664165 - 1?
1265664164
In base 8, what is -23 - 62546107?
-62546132
In base 6, what is 25113 - -4545100?
5014213
In base 8, what is 11440 + 15275?
26735
In base 13, what is -1065b1 + 15?
-106599
In base 16, what is 870c - -a5?
87b1
In base 13, what is 2bb4363 - 9?
2bb4357
In base 15, what is -11 + 39e536?
39e525
In base 9, what is -3543176 - 20?
-3543206
In base 11, what is -2 + -53923312?
-53923314
In base 7, what is 2 + -521653145?
-521653143
In base 10, what is 39261 - -2076?
41337
In base 6, what is -1320440 + -20100?
-1340540
In base 7, what is 4 + 6302051?
6302055
In base 13, what is -5043112b - 1?
-5043112c
In base 5, what is -1004 - 1301444?
-1303003
In base 11, what is -a99078 + -10?
-a99088
In base 10, what is -4835140 - 33?
-4835173
In base 13, what is -126 + a0013?
9cbba
In base 4, what is 10301 - 120010321?
-120000020
In base 9, what is 107266 + 41?
107317
In base 5, what is -43402401343 - 20?
-43402401413
In base 15, what is -10 - 288c47?
-288c57
In base 9, what is 7 + -10070688?
-10070681
In base 7, what is 10 - 1052610255?
-1052610245
In base 16, what is 3c - 6be2?
-6ba6
In base 10, what is 2404965 + 9?
2404974
In base 5, what is -42 + -13204040?
-13204132
In base 3, what is -12 + -1122210010012?
-1122210010101
In base 11, what is 3483 - -1877?
524a
In base 14, what is -25d0a - -5b?
-25c8d
In base 11, what is 362268a + 0?
362268a
In base 3, what is -212221 + 10202020021?
10201100100
In base 9, what is 14820661 + -36?
14820624
In base 12, what is -18 + 117b2b?
117b13
In base 4, what is -12020112022 + 10?
-12020112012
In base 14, what is -37 + 1184c?
11815
In base 11, what is -1349439 - -69?
-1349380
In base 3, what is 2222022 - -1001200?
11000222
In base 10, what is 5541049 + 165?
5541214
In base 14, what is 65888 + a1?
65949
In base 6, what is -11032 - 4043?
-15115
In base 12, what is 37 + -2536aa4?
-2536a69
In base 15, what is -5 + -1d143d?
-1d1443
In base 11, what is 41a0 - -1927?
6017
In base 11, what is 5 - 1103948?
-1103943
In base 13, what is 1326b373 + 0?
1326b373
In base 4, what is -21330 - -20011213?
13323223
In base 10, what is -200042925 + -5?
-200042930
In base 4, what is -2311011112 + 123?
-2311010323
In base 16, what is 285a + -353?
2507
In base 2, what is -1000011011010100110 - 111011001?
-1000011100001111111
In base 5, what is 32144221 + -142?
32144024
In base 4, what is 1110112032121 + 12?
1110112032133
In base 6, what is -3555142 - -5521?
-3545221
In base 5, what is 1220114123 - 20?
1220114103
In base 3, what is -200 + 10020012010?
10020011110
In base 2, what is -11110111000010 - 10010?
-11110111010100
In base 13, what is -bb242 - 1a?
-bb25c
In base 2, what is -111110110010111001 - -101110101?
-111110101101000100
In base 4, what is -21111221 - 10102?
-21121323
In base 3, what is -210002022122 - -112222?
-210001202200
In base 16, what is 9aff2 - a?
9afe8
In base 7, what is -204133052 - 1?
-204133053
In base 12, what is 6440b218 - -1?
6440b219
In base 3, what is 11 - 120101011020022?
-120101011020011
In base 9, what is -78 - 1207551?
-1207640
In base 16, what is -3c3d69 - -48?
-3c3d21
In base 16, what is -4 + -384ecba?
-384ecbe
In base 14, what is -62db2 - -55?
-62d5b
In base 10, what is -10 - 596937?
-596947
In base 3, what is 210210120210 - 1000?
210210112210
In base 9, what is 163335 + 1155?
164501
In base 15, what is -5d82 - -1a3?
-5bce
In base 2, what is 11101 + 110110001001111010011?
110110001001111110000
In base 12, what is 116014 - -46?
11605a
In base 12, what is 1097591 - 2?
109758b
In base 9, what is 187813512 + 3?
187813515
In base 10, what is 476927 + 401?
477328
In base 7, what is -611545 + -662?
-612540
In base 13, what is -348 + -81?
-3c9
In base 7, what is -1420262 + -2124?
-1422416
In base 9, what is 7 + -1505582?
-1505574
In base 14, what is -5daa35 - 0?
-5daa35
In base 5, what is 1313342201 + -331?
1313341320
In base 6, what is 331522023 + -1?
331522022
In base 5, what is -11224120 - 100443?
-11330113
In base 14, what is 290593d - -c?
290594b
In base 10, what is -22157930 - -4?
-22157926
In base 5, what is -23204 + -24324?
-103033
In base 2, what is 110010100101001110 + -110110?
110010100100011000
In base 4, what is 3 - 2310021121?
-2310021112
In base 6, what is 12455140 + 41?
12455221
In base 4, what is -12133023321 - 301?
-12133030222
In base 6, what is -1543020 - 251?
-1543311
In base 6, what is 2130230223 + -5?
2130230214
In base 12, what is 279231 - 0?
279231
In base 14, what is -621d3 - 49?
-6223c
In base 5, what is -112144231424 - -3?
-112144231421
In base 12, what is 19a4856 - -96?
19a4930
In base 10, what is -12997199 + -8?
-12997207
In base 12, what is 3 + -571356bb?
-571356b8
In base 7, what is 343160 - 161?
342666
In base 10, what is -63700 + 7461?
-56239
In base 14, what is -136 + -7121?
-7257
In base 7, what is -622 + 321130?
320205
In base 14, what is ba1c + -1c1?
b83b
In base 5, what is -2 + -30423430432?
-30423430434
In base 8, what is -2446754 + 26?
-2446726
In base 15, what is 43 + -1e296?
-1e253
In base 5, what is -231002232213 - 2?
-231002232220
In base 3, what is -1212201012021210 + 1?
-1212201012021202
In base 4, what is -113130012 - 1332?
-113132010
In base 13, what is -4 + 164c0b?
164c07
In base 11, what is -117494 - -5?
-11748a
In base 4, what is -32321230211303 + 11?
-32321230211232
In base 15, what is -93933cd - -5?
-93933c8
In base 4, what is 2220 + 231122031?
231130311
In base 8, what is -1367104645 + 4?
-1367104641
In base 7, what is -1 - -55035204?
55035203
In base 12, what is -5 + 4b3a2b?
4b3a26
In base 15, what is -89 + -2c164?
-2c1ed
In base 10, what is 143019652 - 5?
143019647
In base 15, what is 1024 + 13a2?
23c6
In base 8, what is -33062213 + 14?
-33062177
In base 16, what is -bf8 + -43b?
-1033
In base 11, what is -5 - 17682404?
-17682409
In base 4, what is 23 + 3200021301?
3200021330
In base 6, what is 1332030524 + -152?
1332030332
In base 15, what is c47e9 + 2a?
c4824
In base 3, what is 21101101201 + -112002?
21100212122
In base 14, what is -a0d0dd + -10?
-a0d10d
In base 13, what is 4b1a + a99?
58b6
In base 7, what is 431 + -205404?
-204643
In base 9, what is 4 + -24654460?
-24654455
In base 6, what is 1025541 - -101324?
1131305
In base 6, what is -51 + -2232451234?
-2232451325
In base 9, what is 21472377 + -3?
21472374
In base 8, what is -5 - 733415242?
-733415247
In base 6, what is 10314542255 + -35?
10314542220
In base 14, what is 5 + 151bda1?
151bda6
In base 4, what is -3 - -30030230?
30030221
In base 14, what is 7d1 + -206?
5c9
In base 9, what is 206518 + -25?
206483
In base 14, what is 18c6 - -520b?
6ad3
In base 8, what is 2 - -72576201?
72576203
In base 9, what is 423370 + 107?
423477
In base 16, what is 4 - 1046ba?
-1046b6
In base 5, what is 1312012 + -2431?
1304031
In base 13, what is 5529c79 + 4?
5529c80
In base 8, what is 112512633 + 3?
112512636
In base 14, what is -a75 - -1d59?
12c4
In base 4, what is -3 - -322023100213?
322023100210
In base 6, what is 5050500 + -222?
5050234
In base 10, what is -22 - -21